
-5155354
In base 16, what is -1 + -358d7d?
-358d7e
In base 16, what is -2 - -6eb1b?
6eb19
In base 13, what is 15 - 26069b?
-260686
In base 8, what is 10 - -66622063?
66622073
In base 11, what is -1986 - 6900?
-8786
In base 10, what is 11 - -5950752?
5950763
In base 15, what is 0 + -23a039?
-23a039
In base 16, what is -2188c1 - -138?
-218789
In base 15, what is -c7221c2 + 4?
-c7221bd
In base 14, what is -51328d3 - 4?
-51328d7
In base 12, what is -4aa25309 + 6?
-4aa25303
In base 4, what is 10111333200 - 30?
10111333110
In base 3, what is 1220 + 10200120111101?
10200120120021
In base 2, what is 11000011001111100110 - -110000011?
11000011010101101001
In base 8, what is -24 + -2117567?
-2117613
In base 11, what is -55775 + -13a?
-55904
In base 15, what is -db6a6 - d?
-db6b4
In base 2, what is -101000011 + -100110010100011010?
-100110011001011101
In base 16, what is -cb - -47f9?
472e
In base 3, what is 1 - 120102121202120?
-120102121202112
In base 15, what is 1b + -4cddc?
-4cdc1
In base 4, what is 10 + 1222230311123?
1222230311133
In base 7, what is -1 + 10413511?
10413510
In base 10, what is 698 + 313?
1011
In base 2, what is -100110001 - -100111001100100?
100110100110011
In base 5, what is -4 - -10033141231?
10033141222
In base 12, what is -20351b + -5?
-203524
In base 2, what is -10001001 + 111011011000010110101?
111011011000000101100
In base 11, what is 59a58 - -1293?
60240
In base 13, what is -3 - 5842b9?
-5842bc
In base 16, what is 593325 - -4?
593329
In base 14, what is -3384a - 10b?
-33957
In base 15, what is 3d15e572 + -5?
3d15e56c
In base 9, what is 2075 + 136223?
138308
In base 10, what is -176002 - 379?
-176381
In base 15, what is -105d + -c8?
-1136
In base 7, what is -413425 - -1366?
-412026
In base 3, what is 11000 + 1000200011?
1000211011
In base 2, what is 1101001100001 - 1101001110?
1011100010011
In base 10, what is -4421748 + 13?
-4421735
In base 2, what is -1011011001001 + -111000001?
-1100010001010
In base 2, what is -1001011000 - 1100101000101110?
-1100110010000110
In base 15, what is 128 - -4be53?
4c07b
In base 5, what is -2301 - 111224233?
-111232034
In base 14, what is 61212 - 11?
61201
In base 5, what is 223 + -34430244?
-34430021
In base 14, what is 109d7a + -43?
109d37
In base 7, what is 154506 - -344?
155153
In base 4, what is -20120 - -100221222?
100201102
In base 15, what is -49e1d27 - 0?
-49e1d27
In base 4, what is -20201201 - 10332?
-20212133
In base 16, what is 6 + -3e6fc6?
-3e6fc0
In base 4, what is -120222303100 + -220?
-120222303320
In base 14, what is -3661ca8 + -5?
-3661cad
In base 8, what is 206526346 - -3?
206526351
In base 7, what is -101 - -466410?
466306
In base 12, what is -1374b23 - 56?
-1374b79
In base 7, what is 11206 - 15444?
-4235
In base 10, what is -108 + 120750?
120642
In base 2, what is 100 + 10010001101011100101010?
10010001101011100101110
In base 7, what is -1 + -26114301?
-26114302
In base 14, what is -5 - 46d8cd?
-46d8d4
In base 7, what is 125 - -36642213?
36642341
In base 8, what is -3 + -3143500?
-3143503
In base 16, what is -3b2d8ad + 6?
-3b2d8a7
In base 11, what is -10 - -189910?
189900
In base 5, what is 134124434 + 3240?
134133224
In base 9, what is 201 - 787543?
-787342
In base 8, what is 1 - 5745555?
-5745554
In base 9, what is -5330066 - 6?
-5330073
In base 13, what is -279b3ab - 2?
-279b3b0
In base 6, what is 44 + -5531143?
-5531055
In base 15, what is 19e4057 + 1?
19e4058
In base 7, what is -234 - -61222?
60655
In base 15, what is -5525b1 - 2d?
-5525de
In base 2, what is 10001 - -1110101001101000010?
1110101001101010011
In base 4, what is 2233213300 + -2002?
2233211232
In base 8, what is 3356712 - -1?
3356713
In base 11, what is 11994979 - 4?
11994975
In base 14, what is -848c - -b01b?
296d
In base 11, what is -1a + -a1012?
-a1031
In base 12, what is 0 + 11135262?
11135262
In base 8, what is -24 + -1032527?
-1032553
In base 10, what is 11038210 + -9?
11038201
In base 3, what is 111211 - 2002010012?
-2001121101
In base 7, what is -12451466 - -52?
-12451414
In base 8, what is 517630706 + -2?
517630704
In base 11, what is -68 + -387448?
-387505
In base 11, what is 615512 + -8?
615505
In base 13, what is 136 - -a610?
a746
In base 6, what is -2 + -1341453332?
-1341453334
In base 11, what is 31a7532 + -5?
31a7528
In base 2, what is -10100110 + -101101001110001110000?
-101101001110100010110
In base 3, what is 10 - 20120020222211?
-20120020222201
In base 3, what is 12 - -1202120120110102?
1202120120110121
In base 5, what is 404344322 - 440?
404343332
In base 13, what is a207 + -b348?
-1141
In base 14, what is 14937 + -10a8?
1386d
In base 8, what is 3700756 - -3?
3700761
In base 4, what is -10031303102 + 1012?
-10031302030
In base 2, what is -1001011110100111100111 - -101?
-1001011110100111100010
In base 2, what is -1 - 10001010001001100001000?
-10001010001001100001001
In base 3, what is -1010210 - 1102101201?
-1110112111
In base 9, what is -155683 + 78?
-155604
In base 16, what is 56ca297 + 2?
56ca299
In base 6, what is 501 - 141015?
-140114
In base 8, what is -330 + 7170265?
7167735
In base 5, what is 4313232 + 21133?
4334420
In base 14, what is -1591 + 7c0?
-bb1
In base 4, what is -3311133322 + -112?
-3311200100
In base 16, what is -47 - -c5d72?
c5d2b
In base 15, what is -1cd6ae82 + 0?
-1cd6ae82
In base 13, what is -21 - -32b264?
32b243
In base 6, what is -354514 + -1542?
-400500
In base 6, what is 2 - 14034431421?
-14034431415
In base 4, what is 100203212131 + 102?
100203212233
In base 9, what is -28 - -5852?
5823
In base 6, what is -353334154 + -3?
-353334201
In base 7, what is 224222 + -2101?
222121
In base 11, what is 8 - -25601195?
256011a2
In base 9, what is -34336 + 5725?
-27511
In base 16, what is -6 + -2e80d7a?
-2e80d80
In base 9, what is -50 + 4143862?
4143812
In base 10, what is -12070 + 1262?
-10808
In base 11, what is 40703619 - 1?
40703618
In base 7, what is 5215015 - -34?
5215052
In base 15, what is 7d - 9ba5?
-9b27
In base 13, what is 14312 + -44?
1429b
In base 11, what is -218538 + -8?
-218545
In base 9, what is 173 + 1212378?
1212562
In base 7, what is -440134 - 44?
-440211
In base 15, what is -5b97e5 + -4?
-5b97e9
In base 16, what is -3 + -d2b91?
-d2b94
In base 2, what is 11 - 10001000011111000011000110?
-10001000011111000011000011
In base 6, what is 2310403 - 123?
2310240
In base 2, what is -11010000100111110000 - 1?
-11010000100111110001
In base 2, what is -10000011010110000 - 11000010111111?
-10011011101101111
In base 16, what is 10169 - -ba?
10223
In base 4, what is 30233330 + -11210?
30222120
In base 11, what is -380 - -30516?
30146
In base 13, what is -3a - 5c788?
-5c7c5
In base 3, what is 112020202 - 12112210?
22200222
In base 2, what is -1110100100110 - 101101000?
-1111010001110
In base 3, what is 10 + -101011011221?
-101011011211
In base 7, what is 1356 - -1064633?
1066322
In base 14, what is 524aca - -6?
524ad2
In base 6, what is 45 + 200105012?
200105101
In base 7, what is -621126401 + -26?
-621126430
In base 3, what is 100222202211 - 102202?
100222100002
In base 10, what is 1 - 11182701?
-11182700
In base 8, what is -24523 - -271?
-24232
In base 15, what is 2d6 - 9034?
-8c4d
In base 2, what is 1011011 + -1010000111100000101?
-1010000111010101010
In base 6, what is -252 + 1135?
443
In base 5, what is 31241212003 - 4?
31241211444
In base 7, what is 14 - -11310424?
11310441
In base 14, what is -3 - -da04c?
da049
In base 8, what is -100026 + 1061?
-76745
In base 15, what is 10e + ee04?
10013
In base 14, what is 10c3512 - 3?
10c350d
In base 4, what is -111003231213 + -122?
-111003232001
In base 6, what is 154 + -1034345?
-1034151
In base 3, what is 110220120020210 - -1?
110220120020211
In base 15, what is -39 - 5d511a?
-5d5154
In base 12, what is 11237a1 + 5?
11237a6
In base 3, what is -112111001 - 2022001?
-121210002
In base 9, what is 106654 + -20445?
76208
In base 12, what is -29a0129 - 4?
-29a0131
In base 7, what is -5643636 + 3?
-5643633
In base 4, what is -20 - 1133001102?
-1133001122
In base 11, what is -856 - 37a391?
-380137
In base 2, what is -1011101010110011001 + -1001?
-1011101010110100010
In base 12, what is 1679 - 91a?
95b
In base 14, what is 1 - 2c9038?
-2c9037
In base 16, what is -5 + 2a2df03?
2a2defe
In base 13, what is 10 - -34b6c82?
34b6c